v(-119).
54
Let g(h) = h**2 - 69*h - 974. Calculate g(-12).
-2
Let o(y) = 7*y**3 - 6*y**2 + y - 4. Determine o(2).
30
Let r(y) = 84*y**2 - 17*y + 35. What is r(2)?
337
Let s(o) = -o**3 + 5*o**2 + 71*o - 21. What is s(10)?
189
Let o(b) = -1558*b - 28037. Determine o(-18).
7
Let r(o) = 2*o**2 + 18*o + 147. Give r(-10).
167
Let f(r) = 170*r**2 - 20*r - 20. What is f(-1)?
170
Let h(d) = d**2 - 36*d + 143. What is h(21)?
-172
Let a(g) = -g**3 + 21*g**2 + 103*g - 17. What is a(25)?
58
Let c(f) = -30*f + 1330. Determine c(43).
40
Let x(l) = 13*l + 151. Give x(-18).
-83
Let k(d) = 16*d**2 + 161*d + 267. Give k(-8).
3
Let x(s) = -s**2 - 450*s - 1765. Give x(-4).
19
Let t(k) = -9*k**3 + 82*k**2 + 8*k - 137. Calculate t(9).
16
Let w(q) = q**3 + 71*q**2 + 202*q - 144. Calculate w(-68).
-8
Let b(s) = -s**3 - 22*s**2 - 3*s + 746. What is b(-20)?
6
Let y(z) = 2*z**3 + 121*z**2 + 286*z - 229. Give y(-58).
3
Let v(j) = -j**3 + 5*j**2 + 68*j. Calculate v(11).
22
Let u(k) = k**3 - 4*k**2 + 53*k - 143. Calculate u(3).
7
Let b(v) = v**3 - 6*v**2 + 11*v - 3. What is b(3)?
3
Let r(i) = -1766*i + 37. What is r(0)?
37
Let b(r) = r**2 - 67*r - 538. What is b(74)?
-20
Let w(a) = 2*a**3 + 64*a**2 + 62*a - 12. What is w(-31)?
-12
Let o(r) = -r**3 + 43*r**2 - 94*r + 447. Give o(41).
-45
Let c(w) = 64*w + 1743. Calculate c(-22).
335
Let x(y) = -8*y**2 + 119*y + 223. Calculate x(16).
79
Let p(q) = q**3 + 73*q**2 - 69*q + 6072. Calculate p(-75).
-3
Let l(f) = f**3 - 42*f**2 + 430*f - 74. Calculate l(17).
11
Let s(u) = 5*u**2 + 77*u - 14. Calculate s(-17).
122
Let o(i) = 2*i**3 + 17*i**2 - 3*i - 24. What is o(-9)?
-78
Let m(l) = l**2 + 169*l - 11. Determine m(0).
-11
Let r(x) = 10*x**3 + 2*x**2 + x - 1. What is r(-1)?
-10
Let w(b) = 81*b - 16. What is w(-1)?
-97
Let o(g) = 252*g - 753. Determine o(3).
3
Let o(d) = 12*d**3 - 6*d**2 - d - 1. Calculate o(-2).
-119
Let s(j) = -20*j**3 - 104*j**2 - 8*j - 28. Determine s(-5).
-88
Let q(m) = -m**3 - 18*m**2 + m + 14. Calculate q(-18).
-4
Let l(b) = -99*b**2 - 1088*b + 12. Give l(-11).
1
Let o(a) = 50*a**2 - 4803*a + 204. Give o(96).
-84
Let j(i) = 177*i + 1094. What is j(-6)?
32
Let a(l) = l**2 - 5*l - 41. What is a(13)?
63
Let q(r) = -r**2 - 55*r - 77. Give q(-50).
173
Let h(j) = -2*j**3 - 46*j**2 + 45*j - 6. What is h(-24)?
66
Let s(j) = -18*j - 92. What is s(-15)?
178
Let s(h) = -h**3 - 5*h**2 - 412*h - 2031. Determine s(-5).
29
Let u(m) = 2*m**3 + 19*m**2 - 40*m - 79. Calculate u(-11).
-2
Let w(f) = 2*f + 1. What is w(10)?
21
Let j(u) = 22*u + 169. Determine j(-20).
-271
Let x(u) = 386*u**2 + 3863*u + 15. Calculate x(-10).
-15
Let o(r) = -r**3 - 46*r**2 - 169*r - 69. What is o(-42)?
-27
Let b(x) = -203*x**3 - 4*x**2 + 4*x + 4. Determine b(-1).
199
Let b(i) = 326*i**2 + 159*i - 160. Calculate b(1).
325
Let d(m) = -3*m**3 + 263*m**2 - 171*m - 277. Determine d(87).
-16
Let n(v) = v**3 + 15*v**2 + 5*v - 1. What is n(-12)?
371
Let n(i) = 15*i**2 + 2*i + 91. What is n(-4)?
323
Let k(p) = -104*p**2 + 5*p - 2. Determine k(-1).
-111
Let w(s) = s - 521. Calculate w(12).
-509
Let s(i) = 3*i**2 + 61*i + 220. Give s(-16).
12
Let l(o) = o**3 - 39*o**2 + 79*o - 182. What is l(37)?
3
Let u(k) = 252*k + 766. What is u(-3)?
10
Let a(x) = x**3 + 132*x**2 + 1752*x - 343. Give a(-117).
8
Let i(r) = -1243*r - 5083. Determine i(-4).
-111
Let c(t) = 19*t + 1593. Determine c(-83).
16
Let d(w) = 26*w + 85. Give d(-3).
7
Let i(z) = 2*z**3 - 91*z**2 + 40*z + 230. Determine i(45).
5
Let z(g) = 13*g - 80. Determine z(10).
50
Let m(q) = q**3 + 17*q**2 - 42*q - 122. Calculate m(-18).
310
Let n(p) = 112*p - 6561. Give n(58).
-65
Let a(s) = 87*s - 1308. Give a(15).
-3
Let z(q) = -17*q - 165. Give z(-7).
-46
Let q(m) = -m**2 + 66*m - 1187. Determine q(28).
-123
Let k(d) = -5*d**2 + 17*d - 84. Calculate k(9).
-336
Let s(q) = -6*q**2 + 912*q + 1842. Calculate s(154).
-6
Let g(l) = 11*l - 1190. Calculate g(56).
-574
Let y(d) = 1397*d - 1381. Determine y(1).
16
Let z(d) = -5*d**3 + 11*d**2 + 124*d - 14. What is z(-4)?
-14
Let g(t) = -t**3 - 21*t**2 - 27*t - 401. Determine g(-21).
166
Let r(w) = w**2 + 29*w - 67. Give r(-22).
-221
Let g(z) = z**3 - z**2 + z - 107. Determine g(0).
-107
Let j(a) = -363*a - 1468. Calculate j(-5).
347
Let u(i) = i**3 - 48*i**2 + 8*i + 154. Calculate u(48).
538
Let j(w) = 12*w**2 - 50*w - 1. Give j(4).
-9
Let b(s) = -16*s - 366. Give b(-23).
2
Let q(v) = -5*v**2 + 9*v + 143. What is q(7)?
-39
Let x(j) = j**3 + 6*j**2 - 284*j + 33. Determine x(14).
-23
Let u(m) = 2*m**2 + 32*m + 69. Give u(-14).
13
Let d(f) = -3708*f + 155752. Give d(42).
16
Let g(p) = -2*p**2 - 79*p - 97. Calculate g(-38).
17
Let w(r) = 140*r - 2729. Determine w(19).
-69
Let s(z) = -2*z**2 - 32*z - 9. Calculate s(-11).
101
Let j(y) = 142*y + 2989. Calculate j(-21).
7
Let r(v) = -117*v + 1187. What is r(7)?
368
Let t(c) = 3*c**2 - 113*c + 548. Give t(6).
-22
Let x(m) = -78*m + 1609. Give x(21).
-29
Let r(h) = -2*h**3 - 23*h**2 - 6*h - 2. Calculate r(-11).
-57
Let c(f) = 10*f**3 - 11*f**2 - 4*f + 2. Calculate c(1).
-3
Let r(x) = -18*x - 964. Calculate r(-58).
80
Let b(u) = u**2 + 88*u - 2964. What is b(-114)?
0
Let x(y) = -960*y + 10557. Calculate x(11).
-3
Let j(v) = v**3 + 5*v**2 - 18*v - 1. Give j(4).
71
Let y(a) = 1529*a + 1467. Give y(-1).
-62
Let i(o) = 160*o - 603. Determine i(3).
-123
Let k(m) = m**3 - 56*m**2 - 125*m + 530. Give k(58).
8
Let q(x) = -6*x**2 - 18*x + 31. What is q(3)?
-77
Let j(x) = -133*x + 271. Determine j(2).
5
Let c(z) = -3*z**3 + 4*z**2 + 5*z - 22. Give c(3).
-52
Let f(w) = -w**3 + 6*w**2 - 76*w + 735. Calculate f(8).
-1
Let c(z) = 27*z - 444. Give c(15).
-39
Let t(w) = w**3 + 32*w**2 - 66*w + 51. Give t(-34).
-17
Let j(s) = s**3 - 5*s**2 - 19*s + 39. Determine j(7).
4
Let y(h) = 4*h**2 - 244*h + 682. Calculate y(58).
-14
Let a(y) = -239*y - 5503. Calculate a(-23).
-6
Let z(g) = 28*g - 333. Determine z(12).
3
Let v(j) = -312*j + 235. Give v(1).
-77
Let z(a) = -73*a**2 + 56*a - 58. What is z(1)?
-75
Let r(j) = -496*j - 3808. Give r(-7).
-336
Let r(v) = -400*v - 378. Determine r(-1).
22
Let p(o) = 243*o + 2661. Give p(-11).
-12
Let l(c) = c**3 + 3*c**2 - 152*c - 713. What is l(-5)?
-3
Let j(h) = -h**3 - 275*h**2 + 18541*h + 1648. What is j(-331)?
-7
Let b(k) = -344*k + 6202. Give b(18).
10
Let u(s) = -6*s**2 - 79*s + 451. Give u(4).
39
Let m(u) = -u**3 - 29*u**2 - 206*u + 65. Give m(-15).
5
Let i(q) = 74*q - 2365. What is i(32)?
3
Let g(w) = -241*w + 10857. Calculate g(45).
12
Let l(y) = -40*y + 179. Give l(5).
-21
Let b(q) = 18*q**2 + 69*q - 122. Determine b(2).
88
Let c(o) = o**3 - 41*o**2 + 13*o - 531. What is c(41)?
2
Let i(b) = 493*b - 2442. Determine i(5).
23
Let p(d) = d**3 - 6*d**2 + d - 47. Determine p(6).
-41
Let b(u) = -u**3 + 20*u**2 + 29*u - 12. Determine b(-2).
18
Let j(v) = -v**3 + 59*v**2 + 321*v - 40. What is j(64)?
24
Let n(f) = -f + 76. Calculate n(-19).
95
Let a(t) = -45*t - 2107. Give a(-47).
8
Let z(s) = -46*s**2 + 246*s - 84. Give z(5).
-4
Let g(x) = 4*x**2 - 1151*x + 4262. Calculate g(284).
2
Let r(q) = -q**3 - 40*q**2 + 79*q - 232. Give r(-42).
-22
Let o(c) = -79*c - 2. Calculate o(0).
-2
Let m(l) = -8*l**3 - 14*l**2 + 5. Give m(-2).
13
Let z(y) = 4*y**2 - 162*y + 64. Give z(40).
-16
Let q(f) = -f**2 - 6*f - 44. Calculate q(-12).
-116
Let v(c) = 9*c**2 + 54*c + 95. Calculate v(-4).
23
Let v(z) = -z**3 + 141*z**2 - 285*z + 1011. Determine v(139).
38
Let c(m) = -5*m**3 + 4*m**2 + m + 14. What is c(3)?
-82
Let o(l) = -10*l + 261. Give o(27).
-9
Let c(l) = l**2 + 92*l + 890. Give c(-12).
-70
Let i(s) = 29*s + 337. Determine i(-11).
18
Let x(q) = 425*q + 5524. What is x(-13)?
-1
Let g(a) = a**3 + 7*a**2 + 1118*a + 2224. Determine g(-2).
8
Let k(o) = o**3 + 20*o**2 + 69*o + 245. What is k(-16)?
165
Let h(f) = -13*f - 200. What is h(-15)?
-5
Let g(u) = u**3 - 16*u**2 + 29*u - 6. Give g(15).
204
Let y(w) = -w**3 + 11*w**2 - 4*w + 11. Give y(7).
179
Let x(b) = b**2 + 2308*b + 27553. Calculate x(-12).
1
Let m(r) = r**3 + 70*r**2 + 5*r + 336. What is m(-70)?
-14
Let h(i) = -30*i**3 - 11*i + 10. Calculate h(1).
-31
Let g(h) = h**3 - 14*h**2 + 49*h - 27. Give g(14).
659
Let p(b) = -15*b - 155. Calculate p(-5).
-80
Let m(v) = 3234*v + 219913. Calculate m(-68).
1
Let p(d) = 149*d - 1056. Calculate p(8).
136
Let z(l) = -l**3 + 37*l**2 